1653/v - 0) prime?
False
Let s be (-100)/35*259/(-2). Let y be 519 - (-1 - (-3)/3). Let m = y - s. Is m a composite number?
False
Let j(s) = s**3 - 5*s**2 - 3*s + 9. Let x be j(5). Let p(t) = -208*t + 45. Is p(x) composite?
True
Suppose -46109 + 293385 = 4*n. Is n prime?
True
Let x(q) = q**3 - 4*q**2 + q + 5. Let l be x(4). Suppose -3198 = 3*u - l*u. Is u a prime number?
False
Is (2 - 27/12) + (-19445)/(-4) composite?
False
Let n = 23921 - -5538. Is n a prime number?
False
Let t = -1783 + 2638. Let q = t - 562. Is q a prime number?
True
Let i = 2 + 7. Suppose 27 = i*t - 0*t. Is t a composite number?
False
Let f(g) = 36*g**2 - 2*g - 3. Suppose -9*k = -8*k - 3. Suppose 3*j = a - 3, -3*j - k*a - 12 = -a. Is f(j) a prime number?
False
Let g(o) = 0*o**2 - 7*o + 2*o**2 - 8 + 6 + 3*o**2. Is g(8) composite?
True
Let h be (-4)/8*1*-10. Suppose 22 = h*r + 2. Suppose 3*f = 1 + 14, -553 = -3*j + r*f. Is j composite?
False
Let v be -16*3/(-6)*(-1 + 2). Is (-1)/v*-2 - (-3009)/12 a prime number?
True
Suppose -7*j + 12 = 5. Is j*-1*1/((-6)/2802) a prime number?
True
Is 67*((-456)/84)/(4/(-14)) a prime number?
False
Is -6 + 18010/6*(-6)/(-2) a prime number?
True
Let b(t) = -2*t + 12. Let k(j) = -3*j + 11. Let y(l) = -5*b(l) + 6*k(l). Is y(-17) a composite number?
True
Let z(w) = -w**2 - w - 1. Let m be z(2). Let v(q) = -q**3 - 8*q**2 - 6*q + 4. Let g be v(m). Let u(n) = -3*n**3 + 2*n + 4. Is u(g) composite?
False
Let f = -4841 + 6814. Is f prime?
True
Let a = 6694 + 549. Is a prime?
True
Suppose 5*f - 1666 = 4*f. Is (6/(-18))/((-3)/(-1 + f)) a composite number?
True
Suppose 0 = -2*u - 2*x + 16, -3*u + 8*u = 2*x + 12. Is (-56)/12*(-114)/u prime?
False
Let l(d) = 2*d - 1. Let o be l(3). Let j(i) = 4*i**3 + 19*i**2 - 6*i - 1. Let s be j(-5). Suppose -1733 = -3*f + s*h, 3*f - o*h - 1729 = -0*f. Is f prime?
False
Let c be 3*3/(-9)*-4. Suppose -18898 = -5*n + n - 2*z, 3*n = c*z + 14201. Is n composite?
True
Let l(a) = 2*a + 12. Let t be l(-6). Suppose t*r - 8679 = -11*r. Is r prime?
False
Let z(p) = 10*p**2 + 68*p + 157. Is z(-29) prime?
False
Let n(g) = -8*g - 5. Let w be (7/14)/(1/(-34)). Is n(w) a prime number?
True
Let g = 224 - 455. Let o = 254 - g. Is o a composite number?
True
Suppose -628 - 980 = 8*l. Let h = 574 + l. Is h a prime number?
True
Let i be 2/7*(-15 + 22). Suppose -90 = -2*a + i*z + 68, 0 = 4*a - 2*z - 316. Is a a composite number?
False
Suppose 5 + 5 = 5*p - 3*y, -2*p = -2*y. Suppose -n - 6*r = -r - 240, -3*n - p*r = -670. Is n prime?
False
Suppose 2*i + 8 = 6*i. Let o(p) = 11*p**i - 3*p - 4*p**2 - p + 7. Is o(-5) composite?
True
Let k(y) = -y**3 + 6*y**2 + 3*y - 15. Let c be k(6). Suppose -3*p - 3*r + 255 = -0*r, 338 = 4*p + c*r. Is p a composite number?
False
Suppose -2*q = -3*s - 215, 5*q - 4*s + s - 533 = 0. Is q composite?
True
Let h(o) = -o**3 - 5*o**2 + 8*o - 4. Suppose -5*n + 23 = -22. Let s(y) = -y**3 + 10*y**2 - 10*y + 2. Let w be s(n). Is h(w) prime?
False
Suppose -b + v = -v - 6, -b - 4 = 3*v. Suppose 0 = -5*p - 5*m + 55, p - 5*m = -b*p + 25. Is p a prime number?
False
Suppose 3*c + 140110 = 5*n, -4*n = 2*c - c - 112071. Is n prime?
True
Suppose -4*c + 139979 = -n - 4*n, -104964 = -3*c - 3*n. Is c a prime number?
False
Suppose 2*n - 2229 = -3*x, -2*x + 66 + 1420 = n. Is x a composite number?
False
Let s be 0*(1 + (-6)/3). Let l be 2 - (1 + (s - -1)). Suppose -g + 38 = 5*h, 3*h - 1 - 2 = l. Is g composite?
True
Suppose -3*s - z + 240 = 0, 4*s + 0*z = 4*z + 336. Let l(v) = v + 12. Let d be l(-10). Let g = d + s. Is g a prime number?
True
Let k(z) = 983*z - 720. Is k(5) a prime number?
False
Let w be ((-6)/18)/((-2)/(-6)) - -19. Suppose -w*a = -8*a - 7850. Is a composite?
True
Let z be (-2)/(-7) + (-22)/77. Suppose z = -18*o + 14*o + 12. Suppose -3*n = 12, -o*n = 5*d + 2*n - 110. Is d composite?
True
Let o be -3 + (-195)/(4 - 1). Let x = o - -625. Is x prime?
True
Let s = -388 + 229. Let p be (-924)/10 + 4/10. Let d = p - s. Is d prime?
True
Let h = -19 + 298. Suppose -4*q - 2733 = -2*a - h, -5*a - 4*q = -6079. Is a prime?
False
Suppose -3*z = -5*g + 124, 2*g + 2*g - 106 = -z. Let d = -46 + g. Let l = d - -117. Is l prime?
True
Suppose -5*j + 7*j - a = 3516, -4*a + 5263 = 3*j. Is j prime?
False
Let s(w) = w**2 + 11*w - 4. Let h be s(-8). Let n be (0 + 2)/(h/(-70)). Suppose 4*t + n*y = 1661, 4*t = -2*y - 368 + 2038. Is t a prime number?
True
Let u(i) = 39*i - 16. Is u(13) composite?
False
Let k(i) be the first derivative of i**3/3 + 5*i**2/2 + 6*i + 5. Let r be k(-4). Suppose 0 = -0*s - s + 2*f + 333, 4 = r*f. Is s prime?
True
Let j = 27 + -9. Suppose f + j = -5*c, 3*f = -4*c - c - 4. Is 28422/42 + 2/f composite?
False
Suppose -13*o - 271 = -14*o. Is o composite?
False
Let b = 350 + -139. Is b prime?
True
Let n be -26 + (3 - (3 - (-6)/(-3))). Is -2 + (-2334)/n + 1/(-4) prime?
False
Let f(w) = w - 4. Let y be f(6). Is 1/(y + (-364)/184) a prime number?
False
Suppose -5*o - 2*h = -36421, 19*o - 22*o - 4*h = -21861. Is o prime?
True
Suppose 2*n + 28429 = -2*g - 7069, -5*g + 2*n = 88766. Is (1/1)/((-8)/g) a prime number?
False
Let h = -477 + 136. Let j be (-2)/(-4) - 3051/6. Let k = h - j. Is k a prime number?
True
Suppose 19*u - 24*u + 9577 = n, 0 = 2*n - u - 19176. Is n prime?
True
Suppose 0 = -317*p + 313*p + 100808. Is p a prime number?
False
Let q be (-2)/(-6)*(1 - 13). Is 513/15 - q/(-20) a composite number?
True
Let m(x) = -159*x - 2. Suppose 0 = 5*t - t + 4. Is m(t) prime?
True
Suppose 2*q + 69*p - 3995 = 74*p, -q + p = -2002. Is q a prime number?
False
Let f = 2620 + -999. Is f prime?
True
Let u be 1*(-3 + -1)*-1. Let f be 18 - ((-48)/(-4))/u. Suppose 1011 = -f*q + 18*q. Is q composite?
False
Suppose 15 = k + 2*k - u, -3*k - 4*u + 15 = 0. Suppose -k*n - 4*n + 25335 = 0. Is n a composite number?
True
Suppose g = 2*h + 11, -3*h + 3*g - 8 - 16 = 0. Let q be (h/2)/(6/(-184)). Suppose 4*c = 2*c + q. Is c a prime number?
True
Let z = 67 + -67. Suppose z = -4*d + k + 3821, -d - d + k + 1911 = 0. Is d a composite number?
True
Let w(y) = y**2 - y + 1737. Let m be w(0). Let k = m - 1202. Suppose k - 1420 = -3*s. Is s a prime number?
False
Suppose 33 = -n - 39. Let b = -30 - n. Let g = 67 - b. Is g a prime number?
False
Let w = -10175 + 28470. Suppose i - 6*i = -w. Is i a prime number?
True
Let i(n) = 279*n**2 + 8*n - 31. Is i(6) a composite number?
False
Let d(i) = 12*i**2 - 2*i**2 - 3*i + i**3 + 2*i - 13 + 2*i. Is d(-9) a prime number?
True
Let m = 169 + -150. Let t(o) = 19*o**2 + 31*o + 29. Is t(m) prime?
True
Let j(a) = 6*a**3 + a**2 - a. Let x(f) = 7*f**3 - 2*f + 1. Let o(d) = -5*j(d) + 6*x(d). Let w be o(-4). Let h = w - -1395. Is h composite?
True
Let k(v) = 3*v**2 - v. Let d be k(4). Suppose -21*h - 20187 = 130068. Is h/(-33) - (-8)/d a composite number?
True
Suppose 3*q + 2942 = -l + 9672, -2*l - 5*q = -13461. Is l prime?
True
Let o be (42/4)/((-3)/(-4)). Suppose 15*a - o*a - 225 = 0. Suppose v = a - 62. Is v a composite number?
False
Let u = 7 + 27. Let h = u - -337. Is h prime?
False
Suppose 110*l - 692586 = -117616. Is l composite?
False
Suppose -r + 337 = 2*o, -r = 2*r + 3*o - 1011. Is r a prime number?
True
Let p(m) = -31*m - 5. Suppose -2*l = -3*d - 12, -8 = 4*d - 2*l + 8. Is p(d) prime?
False
Let z(q) = -q**3 + q**2 + q + 4. Let b be z(0). Let n(o) = 235*o + 7. Is n(b) a composite number?
False
Let k(x) = -x**3 - 8*x**2 - 9*x - 9. Let y be k(-7). Suppose 4*h = -5*r - 0*r + 1299, y*r - 5*h = 1290. Is r prime?
False
Let r(q) be the third derivative of 49*q**4/3 + 5*q**3/6 + q**2. Is r(1) prime?
True
Suppose -5*u = -7*m + 5*m - 50165, -4*u = 4*m - 40132. Is u composite?
True
Suppose 2*x + 3*q - 33 = 0, 2 - 5 = -q. Let m(k) = 2*k**2 - 18*k + 37. Is m(x) composite?
False
Let j(b) = -b + 35. Let s(p) = 17. Let y(g) = 2*j(g) - 5*s(g). Let w be y(-12). Suppose -4*h = 2*q - 524, 655 = -4*h + w*h + 4*q. Is h a composite number?
False
Let c(t) = -t + 1. Let v(s) = 6*s + 22. Let d(b) = 5*c(b) + v(b). Is d(30) a composite number?
True
Let i be 24/5*(-5)/(-2). Let v = i + -7. Suppose v*a - 2391 = -316. Is a a composite number?
True
Suppose 7*k = -29*k + 389916. Is k prime?
True
Let h = -58 + 60. Suppose x - 4*v - 38 = 0, 5*v = x + 2*x - 107. Is 1 + x - (h - 2) prime?
False
Suppose -13 + 141 = -3*x + 2*q, 4*x + 209 = -5*q. Let s = x - -1